*h - 576. Give d(-3).
2
Let v be 16 - 19 - (1 + -48)*1. Let y(o) = -v*o**3 + 22*o**3 - o**2 + 21*o**3 + 9 - o. What is y(0)?
9
Suppose 4*q - 6*q = 2*t - 22, -73 = -8*q - 5*t. Let v(i) = -3*i - 2. Give v(q).
-20
Suppose -8 = 4*c + 5*j + 29, 0 = -5*c - j - 41. Let o(i) = i + 2. Let u(z) = 2*z + 16. Let p = 60 - 61. Let f(n) = p*u(n) + o(n). Calculate f(c).
-6
Let q = 26 - 18. Suppose 66 = q*y - 5*y. Let f(v) = -v + 2*v**3 + 16*v**2 + 6*v - y*v**2 - v**3 + 1. Calculate f(5).
1
Let p(u) = -u**2 - 4*u - 3. Suppose 0 = 6*b + 16 - 46. Suppose 0 = -b*o - 4*j + 2 + 8, 3*j - 11 = -2*o. Determine p(o).
1
Let b(a) = a**3 - 7*a**2 - 6*a + 3. Let r be (-35 - -42)/(1 + 0). Determine b(r).
-39
Let z(x) = -2*x - 4. Let m(t) = -3*t - 6. Let r(o) = -5*m(o) + 7*z(o). Determine r(-8).
-6
Let m be 13/(-2) - 1/2. Let h = m + 12. Suppose 4*w + 6 = -2*i, 0 = -3*w - h*i - 0 + 6. Let u(q) = -q**3 - 2*q**2 + 3*q + 4. What is u(w)?
4
Let r(k) be the second derivative of 0*k**2 + 0 - 26*k - 1/6*k**3. What is r(-6)?
6
Let z be (-3)/12 - 51/(-12). Let w(x) = 5*x - 5. Let d(p) = 14*p - 15. Let c(t) = -3*d(t) + 8*w(t). Calculate c(z).
-3
Let n(y) = 2*y**2 - 6*y - 9. Let f be n(6). Let v = f - 25. Let i(z) = -2*z**3 + 2*z**2 + 2. Calculate i(v).
-6
Let c(l) = -l**3 + 13*l**2 + l - 6. Let m be ((-104)/(-12))/((8/6)/2). Calculate c(m).
7
Let a(t) = -93*t**3 - 4*t**2 + 4*t - 4. Let n(u) = 62*u**3 + 3*u**2 - 3*u + 3. Let k(d) = -5*a(d) - 7*n(d). Calculate k(1).
30
Let n(o) = -3*o**3 - 2*o**2 - 2*o - 7. Let x(r) = 2*r**3 + 3*r**2 + 2*r + 6. Let p(a) = -3*n(a) - 4*x(a). Calculate p(6).
-15
Let r(x) = -x - 6. Let u(w) = -3*w - 18. Let t(p) = -7*r(p) + 2*u(p). What is t(-10)?
-4
Let k(r) = 11*r**3 + r. Let t(l) = l**3 + l**2 - l - 1. Let o be t(2). Let z = o + -10. Calculate k(z).
-12
Suppose 11*v - 17 = 12*v. Let d be v/5 - 16/(-40). Let i(f) be the first derivative of f**4/4 + f**3/3 - 3*f**2/2 + 2*f - 1. Give i(d).
-7
Let d be 1/(4 - 2)*4. Suppose d*j + 5 = 3, -j - 9 = 4*c. Let q(a) = a**3 + 2*a**2 + 3*a + 2. Determine q(c).
-4
Let k(t) = t**3 - t**2 + t - 1. Let y(l) = 2*l**3 + 32*l**2 + 5*l - 26. Let o(h) = 4*k(h) - y(h). Let x be o(18). Let u(q) = q**2 - 3*q - 4. Calculate u(x).
0
Let j(k) = -3*k + 19. Let u(z) = 17*z - 96. Let w(v) = -11*j(v) - 2*u(v). Give w(-8).
-9
Let m(d) = -d**3 + 20 + 2*d**3 - 21 - d. Determine m(2).
5
Let y(p) = p + 3. Let o = 173 + -179. What is y(o)?
-3
Let s be (-2 + 2 + -4)/(-2). Let q(k) = 2*k**s - 5 + 2*k**2 - 7*k - 5*k**2. Let n = -59 - -55. Give q(n).
7
Let f(y) = y**3 - 6*y**2 + 4*y - 5. Let o = -290 + 296. Calculate f(o).
19
Let v(d) = -45 + 15*d - 46 + 92. Determine v(-1).
-14
Let u(q) = -q**3 + 5*q**2 - 2*q - 2. Suppose 1654*o - 1663*o + 36 = 0. What is u(o)?
6
Let m(u) = u**2 + 2*u + 2. Let h be (-4)/3*-9*7/(-14). What is m(h)?
26
Let d(m) = -m**3 - m**2 - m - 3. Let g be (-46)/(-10) - 3/5. Suppose -g*a = -7*a. Determine d(a).
-3
Let b(d) = 4*d**3 - 2*d**2 + 2*d - 1. Suppose -4*n = -55 + 51. Let j be b(n). Let x(u) = -u**3 + 3*u**2 - 2*u + 2. Give x(j).
-4
Suppose -22*j + 20 = -18*j. Let n(z) = 2*z - 5. Calculate n(j).
5
Let x(a) = 4*a - 4. Let n(q) = q - 1. Let h(o) = 3*n(o) - x(o). Let g(j) = -3*j + 9. Let r(w) = -g(w) + 6*h(w). Let u be 19/(-5) + 36/45. Calculate r(u).
6
Let r(f) be the first derivative of -13*f**2/2 + f - 2. Suppose 52 = -30*j + 22. Calculate r(j).
14
Let f(v) = -v**3 - 6*v**2 + 1. Let y = 67 - 45. Suppose -6*n = y + 14. What is f(n)?
1
Let z = 78 + -76. Let f(c) = -4*c**z + 40 + 3*c**2 - 55. Give f(0).
-15
Let q(j) = j**2 + 4*j + 7. Let z(p) = 12*p - 5. Let m be z(0). Determine q(m).
12
Suppose -2*c - 9 = 5*r, -18 = -4*c + 4*r - 2*r. Let b(p) = 6*p + 3*p**2 - 5*p + c*p**2 + 0*p. Suppose -2*w = 1 + 1. What is b(w)?
5
Let o(z) be the third derivative of z**6/120 - z**5/10 + 7*z**4/24 - 3*z**2. What is o(5)?
10
Let z = -9 - -6. Let p = 6 + z. Let s(d) = d**2 + 4*d - p*d - 3 + 5 + 3*d. Give s(-4).
2
Suppose -2*v + 12 = -2*c, -3*v + 6*v - 5*c - 24 = 0. Let r(u) be the first derivative of u**4/4 - 2*u**3/3 - u**2/2 + 3*u + 11. Give r(v).
9
Let s(r) = -r**3 - 6*r**2 + 7*r - 1. Let y be (40/6)/((-18)/54). Let q = y - -13. Give s(q).
-1
Suppose 3*a = 8*a. Let n(m) = m + 1. Let k = 23 - 17. Let x(o) = 7*o + 2. Let l(u) = k*n(u) - x(u). Give l(a).
4
Let s be 9*((-98)/21 - -5). Let r(n) be the third derivative of -5/3*n**s + 0*n + 1/24*n**4 - 7*n**2 + 0. Determine r(7).
-3
Let u(v) = 258*v - 520*v + 10 + 259*v. Give u(7).
-11
Let d(c) = c**2 + 2*c - 1. Let p(j) = -j - 4. Let r = 17 - 18. Let w be p(r). Give d(w).
2
Let m(l) be the third derivative of -l**4/4 + 7*l**3/6 - 92*l**2. What is m(2)?
-5
Let s(l) = 2*l - 6. Let d be s(4). Let u(f) = -f + 4 + 5*f - d - f. Give u(-3).
-7
Let c = 6 - 4. Let h(l) = -c*l**3 - 1 + 6*l**2 + 2*l + 5 + 3*l**3 + 5. Let f = -21 - -15. What is h(f)?
-3
Let w(t) = 6 + t**3 - 5 + 0 + 1 + 7*t**2 - t. Let y be ((1 - 2) + -6)/1. Calculate w(y).
9
Suppose 6*c + 686 = -92*c. Let p(j) = -8*j - 10. What is p(c)?
46
Let n(r) be the second derivative of 0 - 1/3*r**3 + 5/2*r**2 - 25*r. Give n(4).
-3
Let l(c) = -c**3 - c**2 - 2. Let m(k) = -2*k**2 + 2*k + 2. Let n be m(2). Let d be l(n). Let b(p) = d + 0 + 4 + p - 2. Give b(3).
7
Let n = 6 - -12. Suppose 3*g + n = -12. Let w(c) = -c**2 - 9*c + 8. What is w(g)?
-2
Let b(n) be the second derivative of n**3/6 + n**2/2 - 6*n. Let z be (4/(-14))/(20/(-420)). Determine b(z).
7
Let f(c) be the first derivative of -c**4/4 - 8*c**3/3 - 11*c**2/2 + 5*c + 789. What is f(-6)?
-1
Let n = 70 - 72. Let h(w) = -w. Calculate h(n).
2
Let j(u) = -u + 37. Let b(r) = -r**3 - 2*r**2 + 6*r + 20. Let i be b(-3). What is j(i)?
26
Let a = 1 + -2. Let d(y) = -3*y**3 + y**2 + 1. Let j(u) = -7*u**3 + u**2 - 2*u + 1. Let p(r) = 2*d(r) - j(r). Determine p(a).
-1
Suppose 48 = -0*c + 6*c. Let a(u) = -4*u**2 + u**3 - 8*u + 0*u**2 - 5 + c*u**2. Calculate a(-5).
10
Suppose -2 + 6 = 4*n. Let m(w) = -w**2 - w + 1215*w**3 - n - 1216*w**3 + w**2. What is m(0)?
-1
Let q(s) be the first derivative of s**3/3 - 9*s**2/2 + 3*s - 29. Let w(j) = j**3 - 8*j**2 + j - 1. Let o be w(8). Calculate q(o).
-11
Let o(d) = 2*d - 7. Let b be o(8). Suppose 14*h - b*h = 30. Let i(m) = -2*m - 1 + h*m - 3*m + 4. Calculate i(-4).
-1
Let b(t) = -t**3 - t**2 - t - 2. Let p = -6 + 9. Suppose -10 = 5*u + p*g, 5*u - 9*u - 5*g - 8 = 0. Determine b(u).
4
Let o(m) = 40 - 24 + 2*m - 17 + 18*m**2. Calculate o(1).
19
Let c = -47 - -47. Let z(l) = -3*l + c*l + 2*l + 48 - 47. Determine z(-4).
5
Suppose 0 = 9*y - 185 + 32. Let w = -22 + y. Let o(d) = d**3 + 6*d**2 + 7*d + 3. Determine o(w).
-7
Let k be (-2)/(-2) - (-1 + -1). Suppose k*q + 5 = 4*q. Suppose q*r = 20 - 5. Let i(y) = y**2 - 3*y + 2. What is i(r)?
2
Let w(p) be the third derivative of -p**5/60 - 7*p**4/24 + 2*p**3/3 + 7688*p**2 - 2. Let y be (0 + -6)*(-2)/(-2). Give w(y).
10
Let h(w) = w**2 - 6*w + 5. Let v(f) = -f**2 + 21*f + 51. Let o be v(23). Give h(o).
0
Let o(n) be the third derivative of n**4/24 + 4*n**3/3 - n**2. Let s = -9 - -16. Suppose -f + 1 = s. Give o(f).
2
Suppose -c - 34 = 2*c + 5*k, -10 = 5*c - k. Let s be (-1 - (-15)/6)*(-12)/c. Let h(a) = -a + 1. Give h(s).
-5
Let b be ((-13)/(-3) + -3)/(2/3). Let q(o) = -b*o + o**2 + 2 + 1 - 1 - 4*o. Determine q(5).
-3
Let p(c) be the first derivative of c**2/2 - c + 77. Give p(0).
-1
Suppose -49 - 47 = -3*q. Let p = 38 - q. Let u(f) = -2*f + 7. Determine u(p).
-5
Suppose 3*c - 5 = -2*t, 0 = -3*c - t - 6 + 13. Suppose -3*j + 5*j - 9 = -n, -n + 12 = 3*j. Let u(r) = 6*r**n - 3*r - r + c*r. Give u(-1).
-5
Suppose 0 = m + 2 - 18. Let p be 6/(-27) - m/9. Let k(t) be the second derivative of -t**5/20 + t**2/2 - 15*t. What is k(p)?
9
Suppose -243 = 86*m + 273. Suppose -17 - 13 = -5*v. Let j(r) = 11*r**2 - 20*r - 31. Let b(w) = -5*w**2 + 10*w + 15. Let i(f) = v*j(f) + 13*b(f). What is i(m)?
-15
Let n(b) = -b**3 + 5*b**2 + 6*b + 1. Let u be (5/(-2))/((-5)/4). Suppose -u*i = 19 + 7. Let d(y) = y**3 + 14*y**2 + 14*y + 19. Let m be d(i). Determine n(m).
1
Let u(c) = 2*c**2 + 2*c - 2. Let o be (1 - 0)*2*2. Suppose -z + 5 = 5*s, s - o = 5*s. Let j be ((-8)/z)/(12/30). Calculate u(j).
2
Let v(w) = -6*w + 1. Let t(p) = p**2 + 2*p + 1. Let i be t(-2). Let d be v(i). Let m(l) = -4*l + 0*l - l**2 - l + l. Give m(d).
-5
Let d(y) = y**3 + 3*